{"id":905,"date":"2020-09-01T18:46:30","date_gmt":"2020-09-01T16:46:30","guid":{"rendered":"https:\/\/blog.ochutnej-orech.cz\/?page_id=905"},"modified":"2024-05-02T15:47:54","modified_gmt":"2024-05-02T13:47:54","slug":"kontakty","status":"publish","type":"page","link":"https:\/\/www.ochutnejorech.sk\/blog\/kontakty","title":{"rendered":"Kontakty"},"content":{"rendered":"\n<p><a href=\"https:\/\/www.ochutnejorech.sk\">Ochutnejorech.sk<\/a><\/p>\n\n\n\n<ul class=\"wp-block-list\">\n<li>O\u0159echy a su\u0161en\u00e9 plody s.r.o.<\/li>\n\n\n\n<li>I\u010cO: 05191394<\/li>\n\n\n\n<li>Adresa: \u010cakovec 33, 373 84 \u010cakov<\/li>\n<\/ul>\n\n\n\n<p><strong>Hodnotenie od z\u00e1kazn\u00edkov<\/strong><\/p>\n\n\n\n<div class=\"wp-block-columns is-layout-flex wp-container-core-columns-is-layout-9d6595d7 wp-block-columns-is-layout-flex\">\n<div class=\"wp-block-column is-layout-flow wp-block-column-is-layout-flow\">\n<a href=\"https:\/\/www.firmy.cz\/detail\/13212752-ochutnejorech-cz-cakov.html\" target=\"_blank\" rel=\"noopener noreferrer\"><img decoding=\"async\" width=\"160px\" src=\"https:\/\/www.firmy.cz\/img\/widgets\/logo-svetle-pozadi.svg\" alt=\"Ochutnejorech.cz na Firmy.cz\" \/><\/a>\n<\/div>\n\n\n\n<div class=\"wp-block-column is-layout-flow wp-block-column-is-layout-flow\">\n<a href=\"https:\/\/obchody.heureka.cz\/ochutnejorech-cz\/recenze\/\" target=\"_blank\" rel=\"noopener noreferrer\"><img decoding=\"async\" width=\"160px\"  src=\"https:\/\/www.overenozakazniky.cz\/img\/logo-overeno--gold--small.svg\" alt=\"Ochutnejorech.cz na Heur\u00e9ka\" \/><\/a>\n\n\n\n<p><\/p>\n<\/div>\n\n\n\n<div class=\"wp-block-column is-layout-flow wp-block-column-is-layout-flow\"><\/div>\n<\/div>\n\n\n\n<p><\/p>\n","protected":false},"excerpt":{"rendered":"<p>Ochutnejorech.sk Hodnotenie od z\u00e1kazn\u00edkov<\/p>\n","protected":false},"author":2,"featured_media":0,"parent":0,"menu_order":0,"comment_status":"closed","ping_status":"closed","template":"","meta":{"_acf_changed":false,"wprm-recipe-roundup-name":"","wprm-recipe-roundup-description":"","footnotes":""},"class_list":["post-905","page","type-page","status-publish","hentry"],"featured_image_src":null,"acf":[],"_links":{"self":[{"href":"https:\/\/www.ochutnejorech.sk\/blog\/wp-json\/wp\/v2\/pages\/905","targetHints":{"allow":["GET"]}}],"collection":[{"href":"https:\/\/www.ochutnejorech.sk\/blog\/wp-json\/wp\/v2\/pages"}],"about":[{"href":"https:\/\/www.ochutnejorech.sk\/blog\/wp-json\/wp\/v2\/types\/page"}],"author":[{"embeddable":true,"href":"https:\/\/www.ochutnejorech.sk\/blog\/wp-json\/wp\/v2\/users\/2"}],"replies":[{"embeddable":true,"href":"https:\/\/www.ochutnejorech.sk\/blog\/wp-json\/wp\/v2\/comments?post=905"}],"version-history":[{"count":0,"href":"https:\/\/www.ochutnejorech.sk\/blog\/wp-json\/wp\/v2\/pages\/905\/revisions"}],"wp:attachment":[{"href":"https:\/\/www.ochutnejorech.sk\/blog\/wp-json\/wp\/v2\/media?parent=905"}],"curies":[{"name":"wp","href":"https:\/\/api.w.org\/{rel}","templated":true}]}}